{"id":15807,"date":"2020-06-21T19:18:10","date_gmt":"2020-06-21T17:18:10","guid":{"rendered":"http:\/\/zpo.podedworze.pl\/?page_id=15807"},"modified":"2020-06-24T22:29:07","modified_gmt":"2020-06-24T20:29:07","slug":"praca-zdalna-xiv-tydzien","status":"publish","type":"page","link":"http:\/\/zpo.podedworze.pl\/index.php\/praca-zdalna-xiv-tydzien\/","title":{"rendered":"Praca zdalna XIV tydzie\u0144"},"content":{"rendered":"\n<p class=\"has-background has-luminous-vivid-orange-background-color\"><strong>MALUSZKI<\/strong><\/p>\n\n\n\n<div class=\"wp-block-file\"><a href=\"http:\/\/zpo.podedworze.pl\/wp-content\/uploads\/2020\/06\/Wakacyjne-rady-Olka-i-Ady-bezpiecze\u0144stwo-podczas-wakacji..pdf\">Wakacyjne-rady-Olka-i-Ady-bezpiecze\u0144stwo-podczas-wakacji.<\/a><\/div>\n\n\n\n<div class=\"wp-block-file\"><a href=\"http:\/\/zpo.podedworze.pl\/wp-content\/uploads\/2020\/06\/Powitanie-lata.pdf\">Powitanie-lata<\/a><\/div>\n\n\n\n<div class=\"wp-block-file\"><a href=\"http:\/\/zpo.podedworze.pl\/wp-content\/uploads\/2020\/06\/wakacje-w-lesie.pdf\">wakacje-w-lesie<\/a><\/div>\n\n\n\n<div class=\"wp-block-file\"><a href=\"http:\/\/zpo.podedworze.pl\/wp-content\/uploads\/2020\/06\/Zaj\u0119cia_logopedyczne_3-5_latki_lekcja_12.pdf\">Zaj\u0119cia_logopedyczne_3-5_latki_lekcja_12<\/a><\/div>\n\n\n\n<p class=\"has-background has-luminous-vivid-amber-background-color\"><strong>ROCZNE PRZYGOTOWANIE PRZEDSZKOLE<\/strong><\/p>\n\n\n\n<div class=\"wp-block-file\"><a href=\"http:\/\/zpo.podedworze.pl\/wp-content\/uploads\/2020\/06\/Pocieszajki-dla-maluszk\u00f3w.pdf\">Pocieszajki-dla-maluszk\u00f3w<\/a><\/div>\n\n\n\n<div class=\"wp-block-file\"><a href=\"http:\/\/zpo.podedworze.pl\/wp-content\/uploads\/2020\/06\/obrazek-o-lecie.pdf\">obrazek-o-lecie<\/a><\/div>\n\n\n\n<div class=\"wp-block-file\"><a href=\"http:\/\/zpo.podedworze.pl\/wp-content\/uploads\/2020\/06\/Zaj\u0119cia_logopedyczne_RP_lekcja_12.pdf\">Zaj\u0119cia_logopedyczne_RP_lekcja_12<\/a><\/div>\n\n\n\n<p class=\"has-background has-vivid-red-background-color\"><strong>KLASA I<\/strong><\/p>\n\n\n\n<div class=\"wp-block-file\"><a href=\"http:\/\/zpo.podedworze.pl\/wp-content\/uploads\/2020\/06\/Edukacja-polonistyczna-klasa-1-lekcja-52.pdf\">Edukacja-polonistyczna-klasa-1-lekcja-52<\/a><\/div>\n\n\n\n<div class=\"wp-block-file\"><a href=\"http:\/\/zpo.podedworze.pl\/wp-content\/uploads\/2020\/06\/Edukacja-polonistyczna-klasa-1-lekcja-53.pdf\">Edukacja-polonistyczna-klasa-1-lekcja-53<\/a><\/div>\n\n\n\n<div class=\"wp-block-file\"><a href=\"http:\/\/zpo.podedworze.pl\/wp-content\/uploads\/2020\/06\/WF_klasa_I.pdf\">WF_klasa_I<\/a><\/div>\n\n\n\n<div class=\"wp-block-file\"><a href=\"http:\/\/zpo.podedworze.pl\/wp-content\/uploads\/2020\/06\/Edukacja_muzyczna_kl_1_lekcja_14.pdf\">Edukacja_muzyczna_kl_1_lekcja_14<\/a><\/div>\n\n\n\n<div class=\"wp-block-file\"><a href=\"http:\/\/zpo.podedworze.pl\/wp-content\/uploads\/2020\/06\/j.angielski_klasa_I_lekcja_20-21.pdf\">j.angielski_klasa_I_lekcja_20-21<\/a><\/div>\n\n\n\n<div class=\"wp-block-file\"><a href=\"http:\/\/zpo.podedworze.pl\/wp-content\/uploads\/2020\/06\/Edukacja-polonistyczna-klasa-1-1.pdf\">Edukacja-polonistyczna-klasa-1<\/a><\/div>\n\n\n\n<div class=\"wp-block-file\"><a href=\"http:\/\/zpo.podedworze.pl\/wp-content\/uploads\/2020\/06\/WF_klasa_I-VIII.pdf\">WF_klasa_I<\/a><\/div>\n\n\n\n<p class=\"has-background has-light-green-cyan-background-color\"><strong>KLASA IV<\/strong><\/p>\n\n\n\n<p class=\"has-background has-very-light-gray-background-color\"><a href=\"https:\/\/sites.google.com\/view\/ciekawa-przygoda\/strona-g%C5%82%C3%B3wna\">J\u0118ZYK POLSKI<\/a><\/p>\n\n\n\n<p class=\"has-background has-very-light-gray-background-color\"><a href=\"https:\/\/sites.google.com\/view\/jezykpolskihistoria\/strona-g%C5%82%C3%B3wna\">HISTORIA<\/a><\/p>\n\n\n\n<p class=\"has-background has-very-light-gray-background-color\"><a href=\"https:\/\/sites.google.com\/view\/nauczanie-na-odlego\/HOME\">PRZYRODA<\/a><\/p>\n\n\n\n<div class=\"wp-block-file\"><a href=\"http:\/\/zpo.podedworze.pl\/wp-content\/uploads\/2020\/06\/matematyka-klasa-4-lekcja-40-41.pdf\">matematyka-klasa-4-lekcja-40-41<\/a><\/div>\n\n\n\n<div class=\"wp-block-file\"><a href=\"http:\/\/zpo.podedworze.pl\/wp-content\/uploads\/2020\/06\/WF_klasa_IV-VIII.pdf\">WF_klasa_IV-VIII<\/a><\/div>\n\n\n\n<div class=\"wp-block-file\"><a href=\"http:\/\/zpo.podedworze.pl\/wp-content\/uploads\/2020\/06\/Muzyka_kl_IV_lekcja_14.pdf\">Muzyka_kl_IV_lekcja_14<\/a><\/div>\n\n\n\n<div class=\"wp-block-file\"><a href=\"http:\/\/zpo.podedworze.pl\/wp-content\/uploads\/2020\/06\/j.angielski_klasa_IV_lekcja_30-31.pdf\">j.angielski_klasa_IV_lekcja_30-31<\/a><\/div>\n\n\n\n<div class=\"wp-block-file\"><a href=\"http:\/\/zpo.podedworze.pl\/wp-content\/uploads\/2020\/06\/matematyka-klasa-4-lekcja-42.pdf\">matematyka-klasa-4-lekcja-42<\/a><\/div>\n\n\n\n<div class=\"wp-block-file\"><a href=\"http:\/\/zpo.podedworze.pl\/wp-content\/uploads\/2020\/06\/WF_klasa_I-VIII-1.pdf\">WF_klasa_IV<\/a><\/div>\n\n\n\n<p class=\"has-background has-vivid-purple-background-color\"><strong>KLASA V<\/strong><\/p>\n\n\n\n<p class=\"has-background has-very-light-gray-background-color\"><a href=\"https:\/\/sites.google.com\/view\/ciekawa-przygoda\/strona-g%C5%82%C3%B3wna\">J\u0118ZYK POLSKI, BIOLOGIA<\/a><\/p>\n\n\n\n<p class=\"has-background has-very-light-gray-background-color\"><a href=\"https:\/\/sites.google.com\/view\/jezykpolskihistoria\/strona-g%C5%82%C3%B3wna\">HISTORIA<\/a><\/p>\n\n\n\n<p class=\"has-background has-very-light-gray-background-color\"><a href=\"https:\/\/sites.google.com\/view\/nauczanie-na-odlego\/HOME\">GEOGRAFIA<\/a><\/p>\n\n\n\n<div class=\"wp-block-file\"><a href=\"http:\/\/zpo.podedworze.pl\/wp-content\/uploads\/2020\/06\/matematyka-klasa-5-lekcja-41-42.pdf\">matematyka-klasa-5-lekcja-41-42<\/a><\/div>\n\n\n\n<div class=\"wp-block-file\"><a href=\"http:\/\/zpo.podedworze.pl\/wp-content\/uploads\/2020\/06\/WF_klasa_IV-VIII-1.pdf\">WF_klasa_IV-VIII<\/a><\/div>\n\n\n\n<div class=\"wp-block-file\"><a href=\"http:\/\/zpo.podedworze.pl\/wp-content\/uploads\/2020\/06\/Muzyka_kl_V_lekcja_14.pdf\">Muzyka_kl_V_lekcja_14<\/a><\/div>\n\n\n\n<div class=\"wp-block-file\"><a href=\"http:\/\/zpo.podedworze.pl\/wp-content\/uploads\/2020\/06\/j.angielski_klasa_V_lekcja_29-30.pdf\">j.angielski_klasa_V_lekcja_29-30<\/a><\/div>\n\n\n\n<div class=\"wp-block-file\"><a href=\"http:\/\/zpo.podedworze.pl\/wp-content\/uploads\/2020\/06\/WF_klasa_I-VIII-2.pdf\">WF_klasa_V<\/a><\/div>\n\n\n\n<p class=\"has-background has-pale-cyan-blue-background-color\"><strong>KLASA VI<\/strong><\/p>\n\n\n\n<p class=\"has-background has-very-light-gray-background-color\"><a href=\"https:\/\/sites.google.com\/view\/ciekawa-przygoda\/strona-g%C5%82%C3%B3wna\">BIOLOGIA<\/a><\/p>\n\n\n\n<p class=\"has-background has-very-light-gray-background-color\"><a href=\"https:\/\/sites.google.com\/view\/jezykpolskihistoria\/strona-g%C5%82%C3%B3wna\">J\u0118ZYK POLSKI, HISTORIA<\/a><\/p>\n\n\n\n<p class=\"has-background has-very-light-gray-background-color\"><a href=\"https:\/\/sites.google.com\/view\/nauczanie-na-odlego\/HOME\">GEOGRAFIA<\/a><\/p>\n\n\n\n<div class=\"wp-block-file\"><a href=\"http:\/\/zpo.podedworze.pl\/wp-content\/uploads\/2020\/06\/matematyka-klasa-6-lekcja-40-41.pdf\">matematyka-klasa-6-lekcja-40-41<\/a><\/div>\n\n\n\n<div class=\"wp-block-file\"><a href=\"http:\/\/zpo.podedworze.pl\/wp-content\/uploads\/2020\/06\/WF_klasa_IV-VIII-2.pdf\">WF_klasa_IV-VIII<\/a><\/div>\n\n\n\n<div class=\"wp-block-file\"><a href=\"http:\/\/zpo.podedworze.pl\/wp-content\/uploads\/2020\/06\/Muzyka_kl_VI_lekcja_14.pdf\">Muzyka_kl_VI_lekcja_14<\/a><\/div>\n\n\n\n<div class=\"wp-block-file\"><a href=\"http:\/\/zpo.podedworze.pl\/wp-content\/uploads\/2020\/06\/j.angielski_klasa_VI_lekcja_32-33.pdf\">j.angielski_klasa_VI_lekcja_32-33<\/a><\/div>\n\n\n\n<div class=\"wp-block-file\"><a href=\"http:\/\/zpo.podedworze.pl\/wp-content\/uploads\/2020\/06\/matematyka-klasa-6-lekcja-42.pdf\">matematyka-klasa-6-lekcja-42<\/a><\/div>\n\n\n\n<div class=\"wp-block-file\"><a href=\"http:\/\/zpo.podedworze.pl\/wp-content\/uploads\/2020\/06\/informatyka_klasa_6_lekcja_11.pdf\">informatyka_klasa_6_lekcja_11<\/a><\/div>\n\n\n\n<div class=\"wp-block-file\"><a href=\"http:\/\/zpo.podedworze.pl\/wp-content\/uploads\/2020\/06\/technika_klasa_6_lekcja_11.pdf\">technika_klasa_6_lekcja_11<\/a><\/div>\n\n\n\n<div class=\"wp-block-file\"><a href=\"http:\/\/zpo.podedworze.pl\/wp-content\/uploads\/2020\/06\/WF_klasa_I-VIII-3.pdf\">WF_klasa_VI<\/a><\/div>\n\n\n\n<p class=\"has-background has-vivid-green-cyan-background-color\"><strong>KLASA VII<\/strong><\/p>\n\n\n\n<p class=\"has-background has-very-light-gray-background-color\"><a href=\"https:\/\/sites.google.com\/view\/ciekawa-przygoda\/strona-g%C5%82%C3%B3wna\">BIOLOGIA<\/a><\/p>\n\n\n\n<p class=\"has-background has-very-light-gray-background-color\"><a href=\"https:\/\/sites.google.com\/view\/jezykpolskihistoria\/strona-g%C5%82%C3%B3wna\">J\u0118ZYK POLSKI, HISTORIA<\/a><\/p>\n\n\n\n<p class=\"has-background has-very-light-gray-background-color\"><a href=\"https:\/\/sites.google.com\/view\/nauczanie-na-odlego\/HOME\">GEOGRAFIA<\/a><\/p>\n\n\n\n<div class=\"wp-block-file\"><a href=\"http:\/\/zpo.podedworze.pl\/wp-content\/uploads\/2020\/06\/fizyka_klasa_7_materia\u0142_22.06.pdf\">fizyka_klasa_7_materia\u0142_22.06<\/a><\/div>\n\n\n\n<div class=\"wp-block-file\"><a href=\"http:\/\/zpo.podedworze.pl\/wp-content\/uploads\/2020\/06\/WF_klasa_IV-VIII-3.pdf\">WF_klasa_IV-VIII<\/a><\/div>\n\n\n\n<div class=\"wp-block-file\"><a href=\"http:\/\/zpo.podedworze.pl\/wp-content\/uploads\/2020\/06\/Muzyka_kl_VII_lekcja_14.pdf\">Muzyka_kl_VII_lekcja_14<\/a><\/div>\n\n\n\n<div class=\"wp-block-file\"><a href=\"http:\/\/zpo.podedworze.pl\/wp-content\/uploads\/2020\/06\/j.angielski_klasa_VII_lekcja_30-31.pdf\">j.angielski_klasa_VII_lekcja_30-31<\/a><\/div>\n\n\n\n<div class=\"wp-block-file\"><a href=\"http:\/\/zpo.podedworze.pl\/wp-content\/uploads\/2020\/06\/informatyka_klasa_7_lekcja_11.pdf\">informatyka_klasa_7_lekcja_11<\/a><\/div>\n\n\n\n<div class=\"wp-block-file\"><a href=\"http:\/\/zpo.podedworze.pl\/wp-content\/uploads\/2020\/06\/WF_klasa_I-VIII-4.pdf\">WF_klasa_VII<\/a><\/div>\n\n\n\n<p class=\"has-background has-vivid-cyan-blue-background-color\"><strong>KLASA VIII<\/strong><\/p>\n\n\n\n<p class=\"has-background has-very-light-gray-background-color\"><a href=\"https:\/\/sites.google.com\/view\/ciekawa-przygoda\/strona-g%C5%82%C3%B3wna\">J\u0118ZYK POLSKI, BIOLOGIA<\/a><\/p>\n\n\n\n<p class=\"has-background has-very-light-gray-background-color\"><a href=\"https:\/\/sites.google.com\/view\/jezykpolskihistoria\/strona-g%C5%82%C3%B3wna\">HISTORIA<\/a><\/p>\n\n\n\n<p class=\"has-background has-very-light-gray-background-color\"><a href=\"https:\/\/sites.google.com\/view\/nauczanie-na-odlego\/HOME\">GEOGRAFIA, WOS<\/a><\/p>\n\n\n\n<div class=\"wp-block-file\"><a href=\"http:\/\/zpo.podedworze.pl\/wp-content\/uploads\/2020\/06\/matematyka_i_z_rozw_klasa_8_lekcja_35-36-1.pdf\">matematyka_i_z_rozw_klasa_8_lekcja_35-36<\/a><\/div>\n\n\n\n<div class=\"wp-block-file\"><a href=\"http:\/\/zpo.podedworze.pl\/wp-content\/uploads\/2020\/06\/fizyka_klasa_8_materia\u0142_22.06.pdf\">fizyka_klasa_8_materia\u0142_22.06<\/a><\/div>\n\n\n\n<div class=\"wp-block-file\"><a href=\"http:\/\/zpo.podedworze.pl\/wp-content\/uploads\/2020\/06\/WF_klasa_IV-VIII-4.pdf\">WF_klasa_IV-VIII<\/a><\/div>\n\n\n\n<div class=\"wp-block-file\"><a href=\"http:\/\/zpo.podedworze.pl\/wp-content\/uploads\/2020\/06\/j.angielski_klasa_VIII_lekcja_28-29.pdf\">j.angielski_klasa_VIII_lekcja_28-29<\/a><\/div>\n\n\n\n<div class=\"wp-block-file\"><a href=\"http:\/\/zpo.podedworze.pl\/wp-content\/uploads\/2020\/06\/informatyka_klasa_8_lekcja_10.pdf\">informatyka_klasa_8_lekcja_10<\/a><\/div>\n\n\n\n<div class=\"wp-block-file\"><a href=\"http:\/\/zpo.podedworze.pl\/wp-content\/uploads\/2020\/06\/WF_klasa_I-VIII-5.pdf\">WF_klasa_VIII<\/a><\/div>\n","protected":false},"excerpt":{"rendered":"<p>MALUSZKI ROCZNE PRZYGOTOWANIE PRZEDSZKOLE KLASA I KLASA IV J\u0118ZYK POLSKI HISTORIA PRZYRODA KLASA V J\u0118ZYK POLSKI, BIOLOGIA HISTORIA GEOGRAFIA KLASA VI BIOLOGIA J\u0118ZYK POLSKI, HISTORIA GEOGRAFIA KLASA VII BIOLOGIA J\u0118ZYK POLSKI, HISTORIA GEOGRAFIA KLASA VIII&#8230;<\/p>\n","protected":false},"author":1,"featured_media":0,"parent":0,"menu_order":0,"comment_status":"closed","ping_status":"closed","template":"","meta":{"footnotes":""},"class_list":["post-15807","page","type-page","status-publish","hentry"],"_links":{"self":[{"href":"http:\/\/zpo.podedworze.pl\/index.php\/wp-json\/wp\/v2\/pages\/15807","targetHints":{"allow":["GET"]}}],"collection":[{"href":"http:\/\/zpo.podedworze.pl\/index.php\/wp-json\/wp\/v2\/pages"}],"about":[{"href":"http:\/\/zpo.podedworze.pl\/index.php\/wp-json\/wp\/v2\/types\/page"}],"author":[{"embeddable":true,"href":"http:\/\/zpo.podedworze.pl\/index.php\/wp-json\/wp\/v2\/users\/1"}],"replies":[{"embeddable":true,"href":"http:\/\/zpo.podedworze.pl\/index.php\/wp-json\/wp\/v2\/comments?post=15807"}],"version-history":[{"count":23,"href":"http:\/\/zpo.podedworze.pl\/index.php\/wp-json\/wp\/v2\/pages\/15807\/revisions"}],"predecessor-version":[{"id":15899,"href":"http:\/\/zpo.podedworze.pl\/index.php\/wp-json\/wp\/v2\/pages\/15807\/revisions\/15899"}],"wp:attachment":[{"href":"http:\/\/zpo.podedworze.pl\/index.php\/wp-json\/wp\/v2\/media?parent=15807"}],"curies":[{"name":"wp","href":"https:\/\/api.w.org\/{rel}","templated":true}]}}