{"id":17369,"date":"2021-02-22T16:52:21","date_gmt":"2021-02-22T15:52:21","guid":{"rendered":"http:\/\/zpo.podedworze.pl\/?page_id=17369"},"modified":"2021-02-22T16:53:49","modified_gmt":"2021-02-22T15:53:49","slug":"kontynuacja-edukacji-w-zespole-placowek-oswiatowych-w-podedworzu-przedszkole-samorzadowe","status":"publish","type":"page","link":"http:\/\/zpo.podedworze.pl\/index.php\/kontynuacja-edukacji-w-zespole-placowek-oswiatowych-w-podedworzu-przedszkole-samorzadowe\/","title":{"rendered":"Kontynuacja edukacji w Zespole Plac\u00f3wek O\u015bwiatowych w Podedw\u00f3rzu Przedszkole Samorz\u0105dowe"},"content":{"rendered":"\n<div class=\"wp-block-file\"><a href=\"http:\/\/zpo.podedworze.pl\/wp-content\/uploads\/2021\/02\/deklaracja_Kontynuacji_przedszkolez_z_6.pdf\">deklaracja_Kontynuacji_przedszkolez_z_6<\/a><a href=\"http:\/\/zpo.podedworze.pl\/wp-content\/uploads\/2021\/02\/deklaracja_Kontynuacji_przedszkolez_z_6.pdf\" class=\"wp-block-file__button\" download>Pobierz<\/a><\/div>\n\n\n\n<div class=\"wp-block-file\"><a href=\"http:\/\/zpo.podedworze.pl\/wp-content\/uploads\/2021\/02\/zal_deklaracja_kontynuacji_przedszkole.pdf\">zal_deklaracja_kontynuacji_przedszkole<\/a><a href=\"http:\/\/zpo.podedworze.pl\/wp-content\/uploads\/2021\/02\/zal_deklaracja_kontynuacji_przedszkole.pdf\" class=\"wp-block-file__button\" download>Pobierz<\/a><\/div>\n","protected":false},"excerpt":{"rendered":"","protected":false},"author":3,"featured_media":17372,"parent":0,"menu_order":0,"comment_status":"closed","ping_status":"closed","template":"","meta":{"footnotes":""},"class_list":["post-17369","page","type-page","status-publish","has-post-thumbnail","hentry"],"_links":{"self":[{"href":"http:\/\/zpo.podedworze.pl\/index.php\/wp-json\/wp\/v2\/pages\/17369","targetHints":{"allow":["GET"]}}],"collection":[{"href":"http:\/\/zpo.podedworze.pl\/index.php\/wp-json\/wp\/v2\/pages"}],"about":[{"href":"http:\/\/zpo.podedworze.pl\/index.php\/wp-json\/wp\/v2\/types\/page"}],"author":[{"embeddable":true,"href":"http:\/\/zpo.podedworze.pl\/index.php\/wp-json\/wp\/v2\/users\/3"}],"replies":[{"embeddable":true,"href":"http:\/\/zpo.podedworze.pl\/index.php\/wp-json\/wp\/v2\/comments?post=17369"}],"version-history":[{"count":3,"href":"http:\/\/zpo.podedworze.pl\/index.php\/wp-json\/wp\/v2\/pages\/17369\/revisions"}],"predecessor-version":[{"id":17375,"href":"http:\/\/zpo.podedworze.pl\/index.php\/wp-json\/wp\/v2\/pages\/17369\/revisions\/17375"}],"wp:featuredmedia":[{"embeddable":true,"href":"http:\/\/zpo.podedworze.pl\/index.php\/wp-json\/wp\/v2\/media\/17372"}],"wp:attachment":[{"href":"http:\/\/zpo.podedworze.pl\/index.php\/wp-json\/wp\/v2\/media?parent=17369"}],"curies":[{"name":"wp","href":"https:\/\/api.w.org\/{rel}","templated":true}]}}