{"id":21493,"date":"2023-02-22T14:55:39","date_gmt":"2023-02-22T13:55:39","guid":{"rendered":"http:\/\/zpo.podedworze.pl\/?page_id=21493"},"modified":"2024-06-29T07:10:56","modified_gmt":"2024-06-29T05:10:56","slug":"przedszkole-informacje","status":"publish","type":"page","link":"http:\/\/zpo.podedworze.pl\/index.php\/przedszkole-informacje\/","title":{"rendered":"Przedszkole &#8211; informacje"},"content":{"rendered":"\n<p><strong>Lista kandydat\u00f3w przyj\u0119tych w wyniku dodatkowego post\u0119powania rekrutacyjnego do Zespo\u0142u Plac\u00f3wek O\u015bwiatowych w Podedw\u00f3rzu Przedszkola Samorz\u0105dowego na rok szkolny 2024\/2025.<\/strong><\/p>\n\n\n\n<div class=\"wp-block-file\"><a id=\"wp-block-file--media-a7a3212a-2aa2-45be-98f5-aa9bcca39a27\" href=\"http:\/\/zpo.podedworze.pl\/wp-content\/uploads\/2024\/06\/Lista-rekrutacja-2024.docx\">Lista-rekrutacja-2024<\/a><a href=\"http:\/\/zpo.podedworze.pl\/wp-content\/uploads\/2024\/06\/Lista-rekrutacja-2024.docx\" class=\"wp-block-file__button\" download aria-describedby=\"wp-block-file--media-a7a3212a-2aa2-45be-98f5-aa9bcca39a27\">Pobierz<\/a><\/div>\n\n\n\n<p><strong>Lista kandydat\u00f3w przyj\u0119tych w wyniku post\u0119powania rekrutacyjnego do Zespo\u0142u Plac\u00f3wek O\u015bwiatowych w Podedw\u00f3rzu Przedszkola Samorz\u0105dowego na rok szkolny 2024\/2025.<\/strong><\/p>\n\n\n\n<div class=\"wp-block-file\"><a id=\"wp-block-file--media-1039e161-06d2-472e-ba0d-f26f39396fe1\" href=\"http:\/\/zpo.podedworze.pl\/wp-content\/uploads\/2024\/04\/Lista-rekrutacja-2024.docx\">Lista-rekrutacja-2024<\/a><a href=\"http:\/\/zpo.podedworze.pl\/wp-content\/uploads\/2024\/04\/Lista-rekrutacja-2024.docx\" class=\"wp-block-file__button\" download aria-describedby=\"wp-block-file--media-1039e161-06d2-472e-ba0d-f26f39396fe1\">Pobierz<\/a><\/div>\n\n\n\n<p class=\"has-text-align-center\"><strong>WYNIKI REKRUTACJI DO PRZEDSZKOLA 2023\/2024<\/strong><\/p>\n\n\n\n<figure class=\"wp-block-gallery has-nested-images columns-default is-cropped wp-block-gallery-1 is-layout-flex wp-block-gallery-is-layout-flex\">\n<figure class=\"wp-block-image size-large\"><a href=\"http:\/\/zpo.podedworze.pl\/index.php\/przedszkole-informacje\/rekrutacja0006\/\"><img loading=\"lazy\" decoding=\"async\" width=\"724\" height=\"1024\" data-id=\"22063\" src=\"http:\/\/zpo.podedworze.pl\/wp-content\/uploads\/2023\/04\/Rekrutacja0006-724x1024.jpg\" alt=\"\" class=\"wp-image-22063\" srcset=\"http:\/\/zpo.podedworze.pl\/wp-content\/uploads\/2023\/04\/Rekrutacja0006-724x1024.jpg 724w, http:\/\/zpo.podedworze.pl\/wp-content\/uploads\/2023\/04\/Rekrutacja0006-212x300.jpg 212w, http:\/\/zpo.podedworze.pl\/wp-content\/uploads\/2023\/04\/Rekrutacja0006-768x1086.jpg 768w, http:\/\/zpo.podedworze.pl\/wp-content\/uploads\/2023\/04\/Rekrutacja0006-1087x1536.jpg 1087w, http:\/\/zpo.podedworze.pl\/wp-content\/uploads\/2023\/04\/Rekrutacja0006-1449x2048.jpg 1449w, http:\/\/zpo.podedworze.pl\/wp-content\/uploads\/2023\/04\/Rekrutacja0006-655x926.jpg 655w, http:\/\/zpo.podedworze.pl\/wp-content\/uploads\/2023\/04\/Rekrutacja0006.jpg 1654w\" sizes=\"auto, (max-width: 724px) 100vw, 724px\" \/><\/a><\/figure>\n\n\n\n<figure class=\"wp-block-image size-large\"><a href=\"http:\/\/zpo.podedworze.pl\/index.php\/przedszkole-informacje\/rekrutacja0007\/\"><img loading=\"lazy\" decoding=\"async\" width=\"724\" height=\"1024\" data-id=\"22062\" src=\"http:\/\/zpo.podedworze.pl\/wp-content\/uploads\/2023\/04\/Rekrutacja0007-724x1024.jpg\" alt=\"\" class=\"wp-image-22062\" srcset=\"http:\/\/zpo.podedworze.pl\/wp-content\/uploads\/2023\/04\/Rekrutacja0007-724x1024.jpg 724w, http:\/\/zpo.podedworze.pl\/wp-content\/uploads\/2023\/04\/Rekrutacja0007-212x300.jpg 212w, http:\/\/zpo.podedworze.pl\/wp-content\/uploads\/2023\/04\/Rekrutacja0007-768x1086.jpg 768w, http:\/\/zpo.podedworze.pl\/wp-content\/uploads\/2023\/04\/Rekrutacja0007-1087x1536.jpg 1087w, http:\/\/zpo.podedworze.pl\/wp-content\/uploads\/2023\/04\/Rekrutacja0007-1449x2048.jpg 1449w, http:\/\/zpo.podedworze.pl\/wp-content\/uploads\/2023\/04\/Rekrutacja0007-655x926.jpg 655w, http:\/\/zpo.podedworze.pl\/wp-content\/uploads\/2023\/04\/Rekrutacja0007.jpg 1654w\" sizes=\"auto, (max-width: 724px) 100vw, 724px\" \/><\/a><\/figure>\n\n\n\n<figure class=\"wp-block-image size-large\"><a href=\"http:\/\/zpo.podedworze.pl\/index.php\/przedszkole-informacje\/rekrutacja0008\/\"><img loading=\"lazy\" decoding=\"async\" width=\"724\" height=\"1024\" data-id=\"22061\" src=\"http:\/\/zpo.podedworze.pl\/wp-content\/uploads\/2023\/04\/Rekrutacja0008-724x1024.jpg\" alt=\"\" class=\"wp-image-22061\" srcset=\"http:\/\/zpo.podedworze.pl\/wp-content\/uploads\/2023\/04\/Rekrutacja0008-724x1024.jpg 724w, http:\/\/zpo.podedworze.pl\/wp-content\/uploads\/2023\/04\/Rekrutacja0008-212x300.jpg 212w, http:\/\/zpo.podedworze.pl\/wp-content\/uploads\/2023\/04\/Rekrutacja0008-768x1086.jpg 768w, http:\/\/zpo.podedworze.pl\/wp-content\/uploads\/2023\/04\/Rekrutacja0008-1087x1536.jpg 1087w, http:\/\/zpo.podedworze.pl\/wp-content\/uploads\/2023\/04\/Rekrutacja0008-1449x2048.jpg 1449w, http:\/\/zpo.podedworze.pl\/wp-content\/uploads\/2023\/04\/Rekrutacja0008-655x926.jpg 655w, http:\/\/zpo.podedworze.pl\/wp-content\/uploads\/2023\/04\/Rekrutacja0008.jpg 1654w\" sizes=\"auto, (max-width: 724px) 100vw, 724px\" \/><\/a><\/figure>\n<\/figure>\n\n\n\n<div class=\"wp-block-file\"><a id=\"wp-block-file--media-27109188-3cf7-460e-9d61-3849f67efa09\" href=\"http:\/\/zpo.podedworze.pl\/wp-content\/uploads\/2023\/02\/SKMBT_C22423022213400-1.pdf\">SKMBT_C22423022213400-1<\/a><a href=\"http:\/\/zpo.podedworze.pl\/wp-content\/uploads\/2023\/02\/SKMBT_C22423022213400-1.pdf\" class=\"wp-block-file__button\" download aria-describedby=\"wp-block-file--media-27109188-3cf7-460e-9d61-3849f67efa09\">Pobierz<\/a><\/div>\n\n\n\n<p class=\"has-large-font-size\">REKRUTACJA DO PRZEDSZKOLA 2023\/2024<\/p>\n\n\n\n<p><strong>Wyniki post\u0119powania rekrutacyjnego do Przedszkola Samorz\u0105dowego na rok szkolny 2023\/24<\/strong>:<\/p>\n\n\n\n<figure class=\"wp-block-gallery has-nested-images columns-4 is-cropped wp-block-gallery-2 is-layout-flex wp-block-gallery-is-layout-flex\">\n<figure class=\"wp-block-image size-large\"><a href=\"http:\/\/zpo.podedworze.pl\/index.php\/przedszkole-informacje\/protokol\/\"><img loading=\"lazy\" decoding=\"async\" width=\"724\" height=\"1024\" data-id=\"21992\" src=\"http:\/\/zpo.podedworze.pl\/wp-content\/uploads\/2023\/04\/Protokol-724x1024.jpg\" alt=\"\" class=\"wp-image-21992\" srcset=\"http:\/\/zpo.podedworze.pl\/wp-content\/uploads\/2023\/04\/Protokol-724x1024.jpg 724w, http:\/\/zpo.podedworze.pl\/wp-content\/uploads\/2023\/04\/Protokol-212x300.jpg 212w, http:\/\/zpo.podedworze.pl\/wp-content\/uploads\/2023\/04\/Protokol-768x1086.jpg 768w, http:\/\/zpo.podedworze.pl\/wp-content\/uploads\/2023\/04\/Protokol-1087x1536.jpg 1087w, http:\/\/zpo.podedworze.pl\/wp-content\/uploads\/2023\/04\/Protokol-1449x2048.jpg 1449w, http:\/\/zpo.podedworze.pl\/wp-content\/uploads\/2023\/04\/Protokol-655x926.jpg 655w, http:\/\/zpo.podedworze.pl\/wp-content\/uploads\/2023\/04\/Protokol.jpg 1654w\" sizes=\"auto, (max-width: 724px) 100vw, 724px\" \/><\/a><\/figure>\n\n\n\n<figure class=\"wp-block-image size-large\"><a href=\"http:\/\/zpo.podedworze.pl\/index.php\/przedszkole-informacje\/protokol0001\/\"><img loading=\"lazy\" decoding=\"async\" width=\"724\" height=\"1024\" data-id=\"21993\" src=\"http:\/\/zpo.podedworze.pl\/wp-content\/uploads\/2023\/04\/Protokol0001-724x1024.jpg\" alt=\"\" class=\"wp-image-21993\" srcset=\"http:\/\/zpo.podedworze.pl\/wp-content\/uploads\/2023\/04\/Protokol0001-724x1024.jpg 724w, http:\/\/zpo.podedworze.pl\/wp-content\/uploads\/2023\/04\/Protokol0001-212x300.jpg 212w, http:\/\/zpo.podedworze.pl\/wp-content\/uploads\/2023\/04\/Protokol0001-768x1086.jpg 768w, http:\/\/zpo.podedworze.pl\/wp-content\/uploads\/2023\/04\/Protokol0001-1087x1536.jpg 1087w, http:\/\/zpo.podedworze.pl\/wp-content\/uploads\/2023\/04\/Protokol0001-1449x2048.jpg 1449w, http:\/\/zpo.podedworze.pl\/wp-content\/uploads\/2023\/04\/Protokol0001-655x926.jpg 655w, http:\/\/zpo.podedworze.pl\/wp-content\/uploads\/2023\/04\/Protokol0001.jpg 1654w\" sizes=\"auto, (max-width: 724px) 100vw, 724px\" \/><\/a><\/figure>\n\n\n\n<figure class=\"wp-block-image size-large\"><a href=\"http:\/\/zpo.podedworze.pl\/index.php\/przedszkole-informacje\/protokol0002\/\"><img loading=\"lazy\" decoding=\"async\" width=\"724\" height=\"1024\" data-id=\"21991\" src=\"http:\/\/zpo.podedworze.pl\/wp-content\/uploads\/2023\/04\/Protokol0002-724x1024.jpg\" alt=\"\" class=\"wp-image-21991\" srcset=\"http:\/\/zpo.podedworze.pl\/wp-content\/uploads\/2023\/04\/Protokol0002-724x1024.jpg 724w, http:\/\/zpo.podedworze.pl\/wp-content\/uploads\/2023\/04\/Protokol0002-212x300.jpg 212w, http:\/\/zpo.podedworze.pl\/wp-content\/uploads\/2023\/04\/Protokol0002-768x1086.jpg 768w, http:\/\/zpo.podedworze.pl\/wp-content\/uploads\/2023\/04\/Protokol0002-1087x1536.jpg 1087w, http:\/\/zpo.podedworze.pl\/wp-content\/uploads\/2023\/04\/Protokol0002-1449x2048.jpg 1449w, http:\/\/zpo.podedworze.pl\/wp-content\/uploads\/2023\/04\/Protokol0002-655x926.jpg 655w, http:\/\/zpo.podedworze.pl\/wp-content\/uploads\/2023\/04\/Protokol0002.jpg 1654w\" sizes=\"auto, (max-width: 724px) 100vw, 724px\" \/><\/a><\/figure>\n\n\n\n<figure class=\"wp-block-image size-large\"><a href=\"http:\/\/zpo.podedworze.pl\/index.php\/przedszkole-informacje\/protokol0003\/\"><img loading=\"lazy\" decoding=\"async\" width=\"724\" height=\"1024\" data-id=\"21990\" src=\"http:\/\/zpo.podedworze.pl\/wp-content\/uploads\/2023\/04\/Protokol0003-724x1024.jpg\" alt=\"\" class=\"wp-image-21990\" srcset=\"http:\/\/zpo.podedworze.pl\/wp-content\/uploads\/2023\/04\/Protokol0003-724x1024.jpg 724w, http:\/\/zpo.podedworze.pl\/wp-content\/uploads\/2023\/04\/Protokol0003-212x300.jpg 212w, http:\/\/zpo.podedworze.pl\/wp-content\/uploads\/2023\/04\/Protokol0003-768x1086.jpg 768w, http:\/\/zpo.podedworze.pl\/wp-content\/uploads\/2023\/04\/Protokol0003-1087x1536.jpg 1087w, http:\/\/zpo.podedworze.pl\/wp-content\/uploads\/2023\/04\/Protokol0003-1449x2048.jpg 1449w, http:\/\/zpo.podedworze.pl\/wp-content\/uploads\/2023\/04\/Protokol0003-655x926.jpg 655w, http:\/\/zpo.podedworze.pl\/wp-content\/uploads\/2023\/04\/Protokol0003.jpg 1654w\" sizes=\"auto, (max-width: 724px) 100vw, 724px\" \/><\/a><\/figure>\n<\/figure>\n\n\n\n<p>DOKUMENTY DO POBRANIA<\/p>\n\n\n\n<div class=\"wp-block-file\"><a id=\"wp-block-file--media-d9838a62-e70a-4301-8ba6-2bee05dfe984\" href=\"http:\/\/zpo.podedworze.pl\/wp-content\/uploads\/2023\/03\/zalacznik-nr-1-wniosek_2022.pdf\">zalacznik-nr-1-wniosek_2023<\/a><a href=\"http:\/\/zpo.podedworze.pl\/wp-content\/uploads\/2023\/03\/zalacznik-nr-1-wniosek_2022.pdf\" class=\"wp-block-file__button\" download aria-describedby=\"wp-block-file--media-d9838a62-e70a-4301-8ba6-2bee05dfe984\">Pobierz<\/a><\/div>\n\n\n\n<div class=\"wp-block-file\"><a id=\"wp-block-file--media-23720924-a009-4da1-8807-342e3003d82f\" href=\"http:\/\/zpo.podedworze.pl\/wp-content\/uploads\/2023\/03\/zalacznik-nr-2-deklaracja_kontynuacji_przedszkole-2022.pdf\">zalacznik-nr-2-deklaracja_kontynuacji_przedszkole-2023<\/a><a href=\"http:\/\/zpo.podedworze.pl\/wp-content\/uploads\/2023\/03\/zalacznik-nr-2-deklaracja_kontynuacji_przedszkole-2022.pdf\" class=\"wp-block-file__button\" download aria-describedby=\"wp-block-file--media-23720924-a009-4da1-8807-342e3003d82f\">Pobierz<\/a><\/div>\n\n\n\n<div class=\"wp-block-file\"><a id=\"wp-block-file--media-a69adbf8-e9da-49cb-88c1-8de1cb8b0a29\" href=\"http:\/\/zpo.podedworze.pl\/wp-content\/uploads\/2023\/03\/zalacznik-nr-3-wielodzietnosc-2022.pdf\">zalacznik-nr-3-wielodzietnosc-2023<\/a><a href=\"http:\/\/zpo.podedworze.pl\/wp-content\/uploads\/2023\/03\/zalacznik-nr-3-wielodzietnosc-2022.pdf\" class=\"wp-block-file__button\" download aria-describedby=\"wp-block-file--media-a69adbf8-e9da-49cb-88c1-8de1cb8b0a29\">Pobierz<\/a><\/div>\n\n\n\n<div class=\"wp-block-file\"><a id=\"wp-block-file--media-b0c94864-cd78-41a9-a3e8-24b630b6f620\" href=\"http:\/\/zpo.podedworze.pl\/wp-content\/uploads\/2023\/03\/zalacznik-nr-4-samotne-2022.pdf\">zalacznik-nr-4-samotne-2023<\/a><a href=\"http:\/\/zpo.podedworze.pl\/wp-content\/uploads\/2023\/03\/zalacznik-nr-4-samotne-2022.pdf\" class=\"wp-block-file__button\" download aria-describedby=\"wp-block-file--media-b0c94864-cd78-41a9-a3e8-24b630b6f620\">Pobierz<\/a><\/div>\n\n\n\n<div class=\"wp-block-file\"><a id=\"wp-block-file--media-a15a3b0d-241e-4758-ba5d-ed554c3dd5a4\" href=\"http:\/\/zpo.podedworze.pl\/wp-content\/uploads\/2023\/03\/zalacznik-nr-5-rekrutacja-komisja-2022.pdf\">zalacznik-nr-5-rekrutacja-komisja-2023<\/a><a href=\"http:\/\/zpo.podedworze.pl\/wp-content\/uploads\/2023\/03\/zalacznik-nr-5-rekrutacja-komisja-2022.pdf\" class=\"wp-block-file__button\" download aria-describedby=\"wp-block-file--media-a15a3b0d-241e-4758-ba5d-ed554c3dd5a4\">Pobierz<\/a><\/div>\n\n\n\n<div class=\"wp-block-file\"><a id=\"wp-block-file--media-c986ade5-c549-4ab0-932f-d6b25d95086b\" href=\"http:\/\/zpo.podedworze.pl\/wp-content\/uploads\/2023\/03\/Zal-regulamin-rekrutacji-22-23.pdf\">Zal-regulamin-rekrutacji-23-24<\/a><a href=\"http:\/\/zpo.podedworze.pl\/wp-content\/uploads\/2023\/03\/Zal-regulamin-rekrutacji-22-23.pdf\" class=\"wp-block-file__button\" download aria-describedby=\"wp-block-file--media-c986ade5-c549-4ab0-932f-d6b25d95086b\">Pobierz<\/a><\/div>\n\n\n\n<div class=\"wp-block-file\"><a id=\"wp-block-file--media-1fe05c27-7ad4-4650-b44c-d8835d6795fc\" href=\"http:\/\/zpo.podedworze.pl\/wp-content\/uploads\/2023\/03\/zarzadz-3-reg-rek.pdf\">zarzadz-3-reg-rek<\/a><a href=\"http:\/\/zpo.podedworze.pl\/wp-content\/uploads\/2023\/03\/zarzadz-3-reg-rek.pdf\" class=\"wp-block-file__button\" download aria-describedby=\"wp-block-file--media-1fe05c27-7ad4-4650-b44c-d8835d6795fc\">Pobierz<\/a><\/div>\n\n\n\n<div class=\"wp-block-file\"><a id=\"wp-block-file--media-ffbe9acf-cc42-4609-ad07-ffa9fdb63c64\" href=\"http:\/\/zpo.podedworze.pl\/wp-content\/uploads\/2023\/03\/20230306101944.pdf\">Zarz\u0105dzenie Nr 0050.13.2023 W\u00f3jta Gminy Podedw\u00f3rze<\/a><a href=\"http:\/\/zpo.podedworze.pl\/wp-content\/uploads\/2023\/03\/20230306101944.pdf\" class=\"wp-block-file__button\" download aria-describedby=\"wp-block-file--media-ffbe9acf-cc42-4609-ad07-ffa9fdb63c64\">Pobierz<\/a><\/div>\n\n\n\n<p><\/p>\n","protected":false},"excerpt":{"rendered":"<p>Lista kandydat\u00f3w przyj\u0119tych w wyniku dodatkowego post\u0119powania rekrutacyjnego do Zespo\u0142u Plac\u00f3wek O\u015bwiatowych w Podedw\u00f3rzu Przedszkola Samorz\u0105dowego na rok szkolny 2024\/2025. Lista kandydat\u00f3w przyj\u0119tych w wyniku post\u0119powania rekrutacyjnego do Zespo\u0142u Plac\u00f3wek O\u015bwiatowych w Podedw\u00f3rzu Przedszkola Samorz\u0105dowego&#8230;<\/p>\n","protected":false},"author":5,"featured_media":0,"parent":0,"menu_order":0,"comment_status":"closed","ping_status":"closed","template":"","meta":{"footnotes":""},"class_list":["post-21493","page","type-page","status-publish","hentry"],"_links":{"self":[{"href":"http:\/\/zpo.podedworze.pl\/index.php\/wp-json\/wp\/v2\/pages\/21493","targetHints":{"allow":["GET"]}}],"collection":[{"href":"http:\/\/zpo.podedworze.pl\/index.php\/wp-json\/wp\/v2\/pages"}],"about":[{"href":"http:\/\/zpo.podedworze.pl\/index.php\/wp-json\/wp\/v2\/types\/page"}],"author":[{"embeddable":true,"href":"http:\/\/zpo.podedworze.pl\/index.php\/wp-json\/wp\/v2\/users\/5"}],"replies":[{"embeddable":true,"href":"http:\/\/zpo.podedworze.pl\/index.php\/wp-json\/wp\/v2\/comments?post=21493"}],"version-history":[{"count":11,"href":"http:\/\/zpo.podedworze.pl\/index.php\/wp-json\/wp\/v2\/pages\/21493\/revisions"}],"predecessor-version":[{"id":27854,"href":"http:\/\/zpo.podedworze.pl\/index.php\/wp-json\/wp\/v2\/pages\/21493\/revisions\/27854"}],"wp:attachment":[{"href":"http:\/\/zpo.podedworze.pl\/index.php\/wp-json\/wp\/v2\/media?parent=21493"}],"curies":[{"name":"wp","href":"https:\/\/api.w.org\/{rel}","templated":true}]}}